f 267398157?
3, 13, 31, 221173
List the prime factors of 50625251.
47, 193, 5581
What are the prime factors of 36933820?
2, 5, 7, 11, 29, 827
List the prime factors of 76228405.
5, 11, 107, 12953
What are the prime factors of 3126072092?
2, 11, 13, 420397
List the prime factors of 715411239.
3, 2011, 118583
List the prime factors of 103377243.
3, 149, 231269
What are the prime factors of 1744822911?
3, 13, 43, 53, 67, 293
List the prime factors of 1217746.
2, 608873
What are the prime factors of 207588028?
2, 31, 443, 3779
What are the prime factors of 3692365600?
2, 5, 7, 11, 8563
What are the prime factors of 731175488?
2, 109, 281, 373
List the prime factors of 3340131951.
3, 13, 85644409
List the prime factors of 326003224.
2, 331, 123113
What are the prime factors of 73720442?
2, 36860221
What are the prime factors of 542231951?
542231951
List the prime factors of 90340633.
90340633
What are the prime factors of 5515527490?
2, 5, 11, 3271, 15329
List the prime factors of 2799231878.
2, 1399615939
What are the prime factors of 2515163915?
5, 11, 283, 161591
What are the prime factors of 686471930?
2, 5, 68647193
What are the prime factors of 33798309?
3, 41, 274783
What are the prime factors of 97379571?
3, 32459857
List the prime factors of 4685396698.
2, 67, 34965647
List the prime factors of 9279887270.
2, 5, 47, 487, 40543
List the prime factors of 235053183.
3, 89, 880349
List the prime factors of 17801362.
2, 59, 257, 587
List the prime factors of 3029810.
2, 5, 7, 43283
List the prime factors of 148561483.
7, 3031867
List the prime factors of 5341999647.
3, 337, 5283877
List the prime factors of 182559813.
3, 37, 619, 2657
What are the prime factors of 570079246?
2, 11, 157, 165049
List the prime factors of 180173011.
181, 995431
What are the prime factors of 3480267597?
3, 1160089199
What are the prime factors of 4243414?
2, 7, 101, 3001
List the prime factors of 1131095250.
2, 3, 5, 281, 1789
List the prime factors of 1236842790.
2, 3, 5, 89, 463237
List the prime factors of 42946670.
2, 5, 13, 330359
List the prime factors of 567885916.
2, 13, 23, 37, 41, 313
List the prime factors of 383359979.
17, 19, 62467
What are the prime factors of 283120661?
283120661
What are the prime factors of 2759091231?
3, 13, 2293, 30853
What are the prime factors of 1340250002?
2, 7, 13, 101, 72911
List the prime factors of 759193917.
3, 253064639
What are the prime factors of 884343726?
2, 3, 7, 509, 13789
What are the prime factors of 1198196683?
29, 661, 62507
What are the prime factors of 3240528217?
103, 587, 53597
What are the prime factors of 1083014069?
61, 17754329
List the prime factors of 55130590.
2, 5, 19, 290161
List the prime factors of 382609594.
2, 2903, 65899
What are the prime factors of 231177224?
2, 3733, 7741
What are the prime factors of 57172389?
3, 19057463
What are the prime factors of 417012784?
2, 193, 135043
What are the prime factors of 12647810?
2, 5, 7, 281, 643
List the prime factors of 4082454554.
2, 12503, 163259
List the prime factors of 1421895024.
2, 3, 11, 53, 16937
List the prime factors of 25218898.
2, 43, 127, 2309
List the prime factors of 3600201729.
3, 18749, 64007
What are the prime factors of 72864526?
2, 7, 773, 6733
What are the prime factors of 2601031634?
2, 29, 44845373
List the prime factors of 1570528942.
2, 19, 457, 90437
List the prime factors of 681417395.
5, 1753, 77743
List the prime factors of 2433921022.
2, 13, 191, 490117
What are the prime factors of 66231719?
66231719
What are the prime factors of 970537763?
13, 607, 9461
What are the prime factors of 174946931?
174946931
What are the prime factors of 924745183?
811, 1140253
What are the prime factors of 1133010665?
5, 167, 1356899
What are the prime factors of 3990123782?
2, 1995061891
What are the prime factors of 880495994?
2, 7, 17, 528509
List the prime factors of 134397042.
2, 3, 13, 67, 25717
What are the prime factors of 476238163?
61, 733, 10651
What are the prime factors of 612822236?
2, 13, 11785043
What are the prime factors of 858164768?
2, 41, 654089
List the prime factors of 19970309.
1123, 17783
What are the prime factors of 55208298?
2, 3, 53, 139, 1249
What are the prime factors of 102563791?
11, 139, 67079
What are the prime factors of 48142760?
2, 5, 167, 7207
List the prime factors of 246294002.
2, 109, 1129789
List the prime factors of 293814878.
2, 7, 2998111
List the prime factors of 159794191.
159794191
List the prime factors of 28233258.
2, 3, 4705543
List the prime factors of 25663429.
11, 271, 8609
What are the prime factors of 93896271?
3, 7, 19, 47, 1669
List the prime factors of 474456096.
2, 3, 549139
List the prime factors of 320394796.
2, 19, 31, 239, 569
List the prime factors of 173101979.
23, 547, 13759
What are the prime factors of 12120737?
12120737
List the prime factors of 3781309295.
5, 409, 1849051
List the prime factors of 80986227.
3, 7, 19, 202973
List the prime factors of 2764844550.
2, 3, 5, 13, 257, 613
List the prime factors of 320482021.
379, 845599
List the prime factors of 39405874.
2, 19702937
List the prime factors of 1717638.
2, 3, 13, 19, 61
List the prime factors of 93780986.
2, 13, 3606961
List the prime factors of 68084713.
68084713
What are the prime factors of 95478729?
3, 31, 509, 2017
List the prime factors of 5658962691.
3, 173, 10903589
What are the prime factors of 177030744?
2, 3, 11, 60961
What are the prime factors of 399638336?
2, 6244349
List the prime factors of 2205763092.
2, 3, 13, 4713169
What are the prime factors of 90624477?
3, 3121, 9679
List the prime factors of 23794505.
5, 7, 679843
List the prime factors of 63389880.
2, 3, 5, 37, 4759
List the prime factors of 58172171.
59, 985969
List the prime factors of 526018071.
3, 73, 317, 7577
What are the prime factors of 2281035694?
2, 7, 162931121
What are the prime factors of 1292526929?
23, 56196823
What are the prime factors of 139375161?
3, 139, 12379
List the prime factors of 226343528.
2, 829, 34129
List the prime factors of 1982255136.
2, 3, 83, 193, 1289
What are the prime factors of 19218381?
3, 7, 13, 17, 41, 101
List the prime factors of 2122864314.
2, 3, 31, 67, 170347
What are the prime factors of 7176693545?
5, 7, 2557, 80191
What are the prime factors of 469015573?
13, 2693, 13397
List the prime factors of 1707511103.
181, 9433763
List the prime factors of 4346233648.
2, 701, 387503
What are the prime factors of 48648665?
5, 13, 748441
What are the prime factors of 121878204?
2, 3, 7, 1450931
What are the prime factors of 1640503619?
1640503619
List the prime factors of 9117114.
2, 3, 1519519
What are the prime factors of 99004921?
99004921
What are the prime factors of 100198047?
3, 127, 409, 643
List the prime factors of 612602787.
3, 73, 2797273
What are the prime factors of 648827600?
2, 5, 83, 19543
List the prime factors of 1870643099.
13, 47, 3061609
List the prime factors of 70633932.
2, 3, 347, 16963
List the prime factors of 158169534.
2, 3, 79, 333691
What are the prime factors of 6484449510?
2, 3, 5, 7, 11, 935707
List the prime factors of 186296320.
2, 5, 7, 23, 113
List the prime factors of 381377888.
2, 59, 202001
List the prime factors of 10603560.
2, 3, 5, 11, 29, 277
List the prime factors of 416570041.
19, 691, 31729
What are the prime factors of 3638410787?
11, 157, 2106781
What are the prime factors of 78972755?
5, 15794551
What are the prime factors of 690513343?
13, 227, 233993
What are the prime factors of 12637207?
11, 1148837
List the prime factors of 1709787220.
2, 5, 29, 541, 5449
List the prime factors of 1177115919.
3, 7, 23, 137, 17789
List the prime factors of 2879321411.
2879321411
List the prime factors of 415510358.
2, 207755179
What are the prime factors of 518295041?
11, 23, 1031, 1987
What are the prime factors of 1680863913?
3, 557, 111767
What are the prime factors of 48928863?
3, 16309621
What are the prime factors of 2301947876?
2, 179, 3215011
List the prime factors of 18030024.
2, 3, 71, 3527
What are the prime factors of 8442363?
3, 883, 3187
What are the prime factors of 121357381?
103, 1178227
List the prime factors of 3472564175.
5, 89, 127, 12289
What are the prime factors of 61630071?
3, 197, 104281
What are the prime factors of 135756525?
